{"id":98,"date":"2014-03-05T17:42:23","date_gmt":"2014-03-05T17:42:23","guid":{"rendered":"https:\/\/fuglar.is\/?page_id=98"},"modified":"2017-09-04T09:48:22","modified_gmt":"2017-09-04T09:48:22","slug":"endurheimtur","status":"publish","type":"page","link":"https:\/\/fuglar.is\/?page_id=98","title":{"rendered":"Endurheimtur"},"content":{"rendered":"<p><span style=\"font-size: large;\">Vori\u00f0 2005 h\u00f3fust reglulegar fuglamerkingar&nbsp;\u00e1 vegum Fuglaathugunarst\u00f6\u00f0var Su\u00f0austurlands, \u00e1rin 2003 og 2004 h\u00f6f\u00f0u veri\u00f0 ger\u00f0ar sm\u00e1 tilraunir me\u00f0 a\u00f0 vei\u00f0a fugla&nbsp;\u00ed net \u00ed Einarslundi. Strax vori\u00f0 2005 endurheimtust nokkrir af \u00feeim fuglum sem merktir voru 2003 og 2004.<\/span><\/p>\n<p><a href=\"https:\/\/fuglar.is\/wp-content\/uploads\/2014\/03\/Endurheimtur2013.pdf\">Endurheimtur2013<\/a><br \/>\n<a href=\"https:\/\/fuglar.is\/wp-content\/uploads\/2014\/03\/Endurheimtur2011.pdf\">Endurheimtur2011<\/a><br \/>\n<a href=\"https:\/\/fuglar.is\/wp-content\/uploads\/2014\/03\/Endurheimtur2009.pdf\">Endurheimtur2009<\/a><\/p>\n<p><a href=\"https:\/\/fuglar.is\/wp-content\/uploads\/2014\/03\/Endurheimtur-fra-odrum.pdf\">Endurheimtur fra \u00f6drum<\/a><\/p>\n","protected":false},"excerpt":{"rendered":"<p>Vori\u00f0 2005 h\u00f3fust reglulegar fuglamerkingar&nbsp;\u00e1 vegum Fuglaathugunarst\u00f6\u00f0var Su\u00f0austurlands, \u00e1rin 2003 og 2004 h\u00f6f\u00f0u veri\u00f0 ger\u00f0ar sm\u00e1 tilraunir me\u00f0 a\u00f0 vei\u00f0a fugla&nbsp;\u00ed net \u00ed Einarslundi. Strax vori\u00f0 2005 endurheimtust nokkrir af \u00feeim fuglum sem merktir voru 2003 og 2004. Endurheimtur2013 Endurheimtur2011 Endurheimtur2009 Endurheimtur fra \u00f6drum<\/p>\n","protected":false},"author":2,"featured_media":0,"parent":26,"menu_order":0,"comment_status":"closed","ping_status":"closed","template":"","meta":{"ngg_post_thumbnail":0,"footnotes":""},"class_list":["post-98","page","type-page","status-publish","hentry","entry"],"jetpack_sharing_enabled":true,"_links":{"self":[{"href":"https:\/\/fuglar.is\/index.php?rest_route=\/wp\/v2\/pages\/98","targetHints":{"allow":["GET"]}}],"collection":[{"href":"https:\/\/fuglar.is\/index.php?rest_route=\/wp\/v2\/pages"}],"about":[{"href":"https:\/\/fuglar.is\/index.php?rest_route=\/wp\/v2\/types\/page"}],"author":[{"embeddable":true,"href":"https:\/\/fuglar.is\/index.php?rest_route=\/wp\/v2\/users\/2"}],"replies":[{"embeddable":true,"href":"https:\/\/fuglar.is\/index.php?rest_route=%2Fwp%2Fv2%2Fcomments&post=98"}],"version-history":[{"count":5,"href":"https:\/\/fuglar.is\/index.php?rest_route=\/wp\/v2\/pages\/98\/revisions"}],"predecessor-version":[{"id":4115,"href":"https:\/\/fuglar.is\/index.php?rest_route=\/wp\/v2\/pages\/98\/revisions\/4115"}],"up":[{"embeddable":true,"href":"https:\/\/fuglar.is\/index.php?rest_route=\/wp\/v2\/pages\/26"}],"wp:attachment":[{"href":"https:\/\/fuglar.is\/index.php?rest_route=%2Fwp%2Fv2%2Fmedia&parent=98"}],"curies":[{"name":"wp","href":"https:\/\/api.w.org\/{rel}","templated":true}]}}